ate the remainder when ((-24)/y)/((-8)/260) is divided by m.
14
Let w be ((-24)/10)/(3/(-105)). Suppose -2*z - 2 = 5*c - 142, 3*c - 5*z = w. What is the remainder when -9*(1/(-5))/((-3)/(-15)) + 45 is divided by c?
26
Suppose 254*c + 2197 = 38265. What is the remainder when c is divided by 16?
14
Suppose -v - 174 = -4*v. Suppose 154*n - 4831 = -112*n + 755. What is the remainder when v is divided by n?
16
Let t(z) = z**3 - 2*z**2 + 6*z - 19. Let n be t(0). Calculate the remainder when 16 is divided by 6 - -2 - 2 - (-19 - n).
4
Let y = -7157 - -7190. Calculate the remainder when 5146 is divided by y.
31
Let j = -12735 + 12870. What is the remainder when 7558 is divided by j?
133
Let x be -1 - (-1 + -1 - 4264). What is the remainder when (-8)/(-60) - 0 - x/(-75) is divided by 12?
9
Let v(t) = 38*t + 26. Let n be v(-8). Let x = n + 320. What is the remainder when 153 is divided by x?
27
What is the remainder when (30 - 12) + (949 - -3) is divided by 240?
10
Suppose -3*s - 18 = -75. Let k = -16 + s. What is the remainder when 67 is divided by 24*k/24*6?
13
Let u(m) = 24*m - 71. Let c be u(3). Calculate the remainder when c/(119/888 - 20/160) is divided by 56.
55
Let t(v) = -436*v - 2313. Calculate the remainder when t(-6) is divided by 45.
33
Suppose s - 1 = -4*t, 0 = 5*t + 30 - 15. Calculate the remainder when (-4)/(-22) - 815/(-55) is divided by s.
2
Suppose 6*d - 22*d - 10*d = -962. What is the remainder when 2067 is divided by d?
32
Let v(t) = -t**3 + t**2 + t + 28. Calculate the remainder when ((-48)/114)/4 - (-3386)/38 is divided by v(0).
5
Let j(c) = 2*c + 1. Let d(w) = 73*w + 2 - 135*w + 64*w. Let k(n) = 4*d(n) - 5*j(n). Calculate the remainder when 43 is divided by k(-7).
9
Let l(r) = r**3 - 12*r**2 - 26*r + 25. Let p be (5 - 145/15)*-3. Let q(z) = -z**3 + 12*z**2 + 11*z - 7. Calculate the remainder when q(7) is divided by l(p).
50
Suppose -a = -5*t - 27, 2*t - 4 = -a + 2. Suppose -17*d - 212 = -5*x - 21*d, 3*x = 4*d + 140. What is the remainder when x is divided by a?
8
Suppose -21*l = -0*l - 1477 - 3227. Calculate the remainder when 1119 is divided by l.
223
Let h(c) = -8*c**3 - 2*c**2 - 23*c - 35. Calculate the remainder when h(-3) is divided by 8.
0
What is the remainder when 470 is divided by ((-16)/(-7) + 42/196)*26?
15
Suppose -3*f - 119 = -2*g, g = f + 124 - 62. Calculate the remainder when 4 + -4 + -3 + 471 is divided by g.
66
Let z = -3333 + 3344. What is the remainder when 3584 is divided by z?
9
Suppose 5*w = -43*c + 41*c + 192, -w + 192 = 2*c. Calculate the remainder when 206 is divided by c.
14
What is the remainder when (76/32)/((-7)/(-112)) is divided by 3/(-27) + 1001/99?
8
Suppose 2*g = 3*g - 2. Suppose g*k = -2*i + 506, -1719 + 716 = -4*i - k. Let l = i - 98. What is the remainder when l is divided by 39?
35
Suppose 3*c - 20 = f, -6*c + 4*f = -10*c + 64. What is the remainder when 15/(-20) - 621/(-12) is divided by c?
6
Let k(g) = -g**3 - 12*g**2 - 2*g - 10. Suppose -11*a - 96 = 36. Calculate the remainder when 52 is divided by k(a).
10
Let y(u) = -722*u**2 - 4343*u + 6. Suppose -1290 = 4*q - 7*q. Calculate the remainder when q is divided by y(-6).
70
Suppose -421*u + 513*u = 736. Let h = -6 - -8. Suppose h*j - 116 = -2*j. Calculate the remainder when j is divided by u.
5
Let i = 114 + -104. Let j be 528/(-1*15/i). Let v = j - -551. Calculate the remainder when v is divided by 50.
49
Suppose 24 = -5*h + 17*h. Suppose 0*l - 2*l + x + 279 = 0, h*l - 282 = 2*x. What is the remainder when l is divided by 5?
3
Let k(s) = 124*s - 1. Let p be k(1). Let g = -1223 - -1106. Let m = g + p. What is the remainder when 8 is divided by m?
2
Let w = 502 + -497. Let g = 17 - 11. Let j(x) = x**2 - 4*x - 5. What is the remainder when j(g) is divided by w?
2
Suppose 0 = -193*x + 190*x + 426. Calculate the remainder when 989 is divided by x.
137
Suppose 4*f - 11 = 2*j - 3, -3*j + 8 = 4*f. Suppose 0 = -3*a - 94 - 74. Calculate the remainder when 35/f*a/(-70) is divided by 5.
4
Suppose -4*c + 8 = -j - 65, -2*c - 3*j = -19. Suppose -2*h - 3*v = -8*v - 107, 5*h - 2*v - 236 = 0. Calculate the remainder when h is divided by (3/6)/(c/238).
4
Let h(f) = -4*f**2 - f + 20. Suppose 4356 = 42*x - 20*x. Calculate the remainder when x is divided by h(0).
18
What is the remainder when -2*(138/12)/(-23)*(799 + 0) is divided by 783?
16
Suppose 0*m - 2*m = -196. What is the remainder when m is divided by (5 - (-280)/(-49))/(21/(-735))?
23
Let b(p) = 5*p**2 - p - 1. Suppose -14*h = -27*h + 117. Suppose -11*x + 80 = h*x. What is the remainder when b(2) is divided by x?
1
Calculate the remainder when ((-21810)/(-18))/(-12 - (-492)/36) is divided by 75.
52
Let t = -34 + 69. Suppose -14*a = -13*a + 34. Let g(j) = -j**2 - 36*j - 47. Calculate the remainder when t is divided by g(a).
14
Let v be (8 - 9)*(-4 + 1) + -67. Calculate the remainder when 45 is divided by v/(-224) + (-89)/(-7).
6
Suppose -585 = -19*b + 2205 + 2093. Calculate the remainder when b is divided by 8.
1
What is the remainder when 875 is divided by 527/6 - 13/(-78)?
83
Suppose -294*r = -4*v - 292*r + 1136, -3*r = 2*v - 568. Calculate the remainder when v is divided by 4.
0
Suppose 3*z + z + 4*n = 240, 0 = -n. Suppose -z = -4*c - 5*w + 142, 0 = -2*c - 5*w + 106. What is the remainder when c is divided by 26?
22
Suppose -5*f + 117 = 3*s, -4*s - 7 + 2 = -f. Let k(b) = 17*b + 5. What is the remainder when k(2) is divided by f?
18
Let h = -156 + 545. Calculate the remainder when h is divided by 33.
26
Suppose 2*z - 3*z = -h - 8, -2*z + 8 = 0. Let k be (0 - (-7 + -1))*(-7)/h. Calculate the remainder when 20/k*280/8 is divided by 17.
16
What is the remainder when 296 is divided by (5/25*0)/(-1 + 0) + 295?
1
Let j be 11/(-33) + (-626)/(-6). Let a = j + -59. What is the remainder when a is divided by 12?
9
Suppose -2*m = 4*l + m - 510, l - 135 = -2*m. What is the remainder when 387 is divided by l?
18
Let g(a) = a**3 + 8*a**2 + 7*a + 7. Let p be ((-42)/70)/((-2)/10). Suppose 0*y - p*y - 21 = 0. What is the remainder when g(y) is divided by 5?
2
Let t(v) = 3787*v + 2053. What is the remainder when t(1) is divided by 5835?
5
Suppose 7*z = 73 - 17. Calculate the remainder when 245 is divided by z.
5
Let n(q) = -119*q + 20. Calculate the remainder when n(-3) is divided by 43.
33
Calculate the remainder when 377 is divided by (77 - 84)*(-2)/(-7)*-59.
23
What is the remainder when (15 + (-3 - 13))*-2104 is divided by 57?
52
Suppose -7*c = -2*c - 725. Let b be 3*2 - (-20)/(-20). Suppose 3*a = t + 119 + c, -b*t + 176 = 2*a. Calculate the remainder when a is divided by 13.
10
Let g be 3/(-5) + ((-39)/(-15) - -2). Suppose o - g*d = 69, 13 = 3*o - 4*d - 154. Suppose -z + 5 = -5. Calculate the remainder when o is divided by z.
9
Let h = 19 + -14. Suppose -h = -4*u + 27. Suppose z = -n + 81 - u, 0 = -2*n + 4. Calculate the remainder when z is divided by 24.
23
Let v(m) = -6*m - 7. Calculate the remainder when 1019 is divided by v(-3).
7
Let x(g) = 3*g**2 + 9*g + 11. Suppose -3*v = -1 - 5. Suppose -w - 13 - 13 = -4*o, v = 3*w + 4*o. Calculate the remainder when x(w) is divided by 17.
14
Suppose -3 = -q + w, w - 3 = -2*w. Suppose -2*u + 42 = 4*n, 3*u - q*n = 6*u - 57. What is the remainder when 26 is divided by u?
11
Suppose 38*x - 1461 = 3403. Calculate the remainder when x is divided by 9.
2
Suppose 3*j = -4*f + 21865, -5*j - 13128 = -3*f + 3220. What is the remainder when f is divided by 4?
1
Let m = -9583 - -9612. Calculate the remainder when 3361 is divided by m.
26
Suppose -2028*f + 2024*f = -128. Calculate the remainder when 126 is divided by f.
30
Suppose -3*m + 656 = m. Let n be (10 - 11)/((-2)/4). Calculate the remainder when m is divided by (4 - -31) + (-4)/n.
32
What is the remainder when 1251 is divided by (390/9)/(2 - (-24)/(-18))?
16
Suppose -5*i = -i - 76. Suppose 0 = 2*j - 4*m - 182 + 18, 3*j + 3*m - 300 = 0. What is the remainder when j is divided by i?
18
Let h be 8*(-20)/6*126/(-10). Suppose -10*b + h = 11*b. Calculate the remainder when 29 is divided by b.
13
Suppose -2*d = 2*d - 220. Suppose 5*z + 0*z = d. Calculate the remainder when -4 + (1 - (-20)/4) + (-140)/(-4) is divided by z.
4
Suppose 0 = -5*m + 4*h + 770, -4*m + 23*h - 27*h = -580. What is the remainder when 739 is divided by m?
139
